NOAA-Style Climate Reports
Select a Year or Month report
2024: Ene Feb Mar Abr May Jun Jul Ago Sep Oct Nov Dic
2023: Ene Feb Mar Abr May Jun Jul Ago Sep Oct Nov Dic
2024: Ene Feb Mar Abr May Jun Jul Ago Sep Oct Nov Dic
2023: Ene Feb Mar Abr May Jun Jul Ago Sep Oct Nov Dic
Report for 2024 Abril
Daily noaa report MONTHLY CLIMATOLOGICAL SUMMARY for APR. 2024 NAME: CITY: STATE: ELEV: LAT: LONG: TEMPERATURE ( °C), RAIN (mm), WIND SPEED (kmh) HEAT COOL AVG MEAN DEG DEG WIND DOM DAY TEMP HIGH TIME LOW TIME DAYS DAYS RAIN SPEED HIGH TIME DIR -------------------------------------------------------------------------------------------------------- 01 11.4 17.9 15:05 05.8 08:27 06.9 00.0 00.0 04.6 50.0 14:55 WSW 02 12.1 17.1 18:28 07.5 04:57 06.2 00.0 00.8 04.9 31.4 17:47 WSW 03 15.6 27.7 14:43 07.8 05:33 02.7 00.0 00.1 05.5 37.0 10:31 WNW 04 18.5 24.7 13:01 12.9 08:41 00.0 00.2 00.0 05.4 46.3 11:38 NNW 05 21.1 28.5 17:24 16.9 05:24 00.0 02.8 00.0 06.9 51.8 14:56 WNW 06 18.0 24.3 02:33 12.3 08:27 00.3 00.0 03.4 06.1 55.5 16:49 SW 07 14.9 23.5 15:06 10.6 08:20 03.4 00.0 00.0 04.8 44.4 15:53 S 08 11.6 15.5 07:52 06.6 23:08 06.7 00.0 03.0 03.1 27.8 15:39 SW 09 11.6 21.2 15:33 06.2 08:15 06.7 00.0 00.5 05.0 46.3 10:00 WSW 10 13.1 20.7 16:02 06.3 08:04 05.2 00.0 00.0 04.9 44.4 10:21 SW 11 16.2 26.9 15:22 09.6 10:58 02.1 00.0 00.0 05.0 48.1 12:10 N 12 14.4 26.0 19:51 12.3 05:42 03.9 00.0 00.0 02.0 09.3 22:12 SSE 13 20.7 29.6 16:16 13.5 08:18 00.0 02.4 00.0 06.7 38.9 11:13 NNW 14 17.8 25.4 13:37 12.5 00:00 00.5 00.0 00.0 04.9 48.1 09:45 ESE 15 12.1 14.4 16:48 10.6 00:00 06.2 00.0 08.3 02.3 18.5 16:48 E 16 11.3 14.4 17:41 09.7 05:52 07.0 00.0 00.2 03.1 33.3 16:05 SE 17 12.2 19.6 15:18 08.6 08:26 06.1 00.0 00.0 04.6 46.3 11:56 W 18 12.8 19.9 12:52 08.7 05:09 05.5 00.0 00.0 04.4 46.3 12:11 ESE 19 11.1 21.7 15:19 05.5 08:05 07.2 00.0 00.0 04.2 38.9 10:15 ESE 20 12.3 23.0 15:33 07.3 06:03 06.0 00.0 00.0 04.5 48.1 10:33 WNW 21 13.1 20.6 13:20 07.8 08:09 05.2 00.0 00.0 05.2 40.7 12:09 SW 22 10.0 17.8 14:16 05.1 08:05 08.3 00.0 00.0 04.4 48.1 09:05 SSE 23 08.3 13.2 13:49 03.3 08:07 10.0 00.0 02.2 03.7 27.8 11:01 SW 24 10.7 18.1 14:40 05.7 08:43 07.6 00.0 00.0 03.9 44.4 10:30 W 25 11.5 18.0 16:15 08.5 06:47 06.8 00.0 02.2 04.2 44.4 15:53 WSW 26 10.4 16.3 13:48 07.6 00:00 07.9 00.0 14.3 03.4 33.3 13:28 WSW 27 08.3 11.3 18:57 05.6 14:54 10.0 00.0 08.5 03.7 51.8 11:19 WSW 28 09.4 16.4 13:45 04.9 07:09 08.9 00.0 02.2 03.6 38.9 11:32 SW -------------------------------------------------------------------------------------------------------- 13.2 (14.5) 29.6 day 13 03.3 day 23 147.4 005.5 045.7 04.5 55.5 day 27 WSW Min < 30: 28 Max Rain: 14.3 ON 26-04-24 Days of Rain: 11 (> .2mm) 8 (> 2mm) 0 (> 20mm)